 y(u) = -7*c(u) + 4*j(u). Give y(-4).
-9
Let a(q) = -q + 4. Let r(s) = 5*s**2 + 69*s - 4. Let u be r(-14). Give a(u).
-6
Let n = -3 + -51. Let f be (2/(-6))/(2/n). Suppose -22 = -a + 5*u, 0 + f = 2*a - 3*u. Let m(i) = -i**2 - 4*i - 1. Give m(a).
2
Let a(h) = 2*h**2 + 13*h**3 + 4 - 12*h**3 - 2 - 1 + 3*h**2 + 4*h. Determine a(-3).
7
Let f(w) = w**3 - 11*w**2 - 25*w - 14. Suppose 0 = 20*o - 24*o + 52. Let h be f(o). Let k(p) = -p**2 - 2*p. What is k(h)?
1
Let w(n) = 2*n + 2. Let q be w(-4). Let a(y) = y**3 + 6*y**2 - 3. What is a(q)?
-3
Suppose 354*s = 355*s + 1. Let n(h) = -2*h + 5. Determine n(s).
7
Suppose -2*a - 1 = 5*c, 3*c - 6*c - a = 1. Let o(d) = 2*d**2 + d. Determine o(c).
1
Suppose 0 = -7*r - 20*r - 216. Let k(x) = x**3 + 7*x**2 - 7*x + 8. Determine k(r).
0
Let o = 59 - 23. Let s be (-6)/o + (-1189)/(-6). Let v(i) = s*i - 1 - 198*i + i**2. Determine v(1).
0
Suppose 0 = -14*m + 9*m + 10. Let s(j) = -7*j + m*j - 2*j**3 + 7*j**2 + j**3 - 2. What is s(6)?
4
Let a(n) = -n**2 + 13*n - 14. Suppose -5*i = -44 - 16. Give a(i).
-2
Let x(v) = -188*v + 98*v + 92*v - 3. Determine x(7).
11
Let r = 17 - 25. Let l(w) = -17*w + 17. Let h(q) = -3*q + 1. Let v(b) = -6*h(b) + l(b). Calculate v(r).
3
Let m(y) = -5*y + 13. Let k be m(2). Let c(x) = x**2 - 3*x - 1. What is c(k)?
-1
Let r(m) be the first derivative of 5*m**2/2 + 3*m + 154. Give r(4).
23
Let v(w) = 13*w - 4. Let x(d) = 2*d - 1. Let k(n) = v(n) - 6*x(n). Give k(-3).
-1
Let o = 204 + -300. Let r = o + 92. Let d(k) = -2 + 2*k + 8 - k**3 - 3*k**2 - k**2. What is d(r)?
-2
Let t(g) be the third derivative of -g**6/120 + 4*g**5/15 - g**3/3 - 14*g**2 + 4*g. Calculate t(16).
-2
Let c(w) = -2*w + 1. Let v(z) = -z + 21*z - 9*z - 12*z + 9. Suppose 11 = 4*q - 5*o - 17, 4*o + 21 = 3*q. Let d be v(q). Calculate c(d).
-3
Let b(a) = 1 - 2 + 182*a - 353*a + 13*a**3 + 170*a. Let m be (-2)/(-6) - 4/3. Calculate b(m).
-13
Let c(s) = -s**2 - 2*s - 2. Suppose 0 = a - 2*a - 4. Let r(o) = o**2 + 5*o + 2. Let u be r(a). Determine c(u).
-2
Let q(x) = -6*x**2 + 264*x + 7 + 264*x - 530*x - 7. Determine q(-2).
-20
Let a = 308 + -615/2. Let s(v) be the second derivative of 0 + v + 1/2*v**2 - 1/6*v**4 + a*v**3. Give s(3).
-8
Let x(z) = -z + 4. Let k(q) be the third derivative of q**4/24 + 3*q**3 - 13*q**2. Let j be k(-12). What is x(j)?
-2
Let n(l) be the first derivative of -3*l**2 + 4*l**2 - 1 + 2. Suppose 12 = 6*a - 2*a. Determine n(a).
6
Suppose r + 0*r = 5. Let z(u) = u**3 - 2*u + 4*u**2 - 9*u**2 + u. Give z(r).
-5
Let m(q) be the third derivative of q**6/120 + q**5/60 - q**3/3 - 224*q**2. Give m(0).
-2
Let o(q) = q**3 - 7*q**2 + 7*q - 2. Let b = -87 + 70. Let x = b + 23. Give o(x).
4
Let y(t) = 3*t - 6. Let d(x) = 7*x - 13. Let j(s) = -2*d(s) + 5*y(s). Let b be -5 - (-13 - (-21)/(-7)). What is j(b)?
7
Let u(r) = -r + 12. Let p be u(6). Let q(o) be the second derivative of -o**5/20 + 5*o**4/12 + 7*o**3/6 + 3*o**2/2 - 110*o + 1. Calculate q(p).
9
Let q(s) = -4*s + 1. Let l(x) = x**3 + 8*x**2 - 8*x + 9. Let o be l(-9). Let h(i) = i**3 + 4*i**2 + i - 5. Let a be h(o). Calculate q(a).
21
Suppose 0 = -213*n + 216*n - 3. Let u = -4 + 6. Let x(y) = 9*y**3 + 2 - 1 - u. What is x(n)?
8
Let m(y) = 2*y + 2 + 2 - 4*y. Suppose -28*p + 4*q + 27 = -33*p, 0 = 5*p - 2*q + 9. Calculate m(p).
10
Let i(f) = -f**2 - 7*f - 6. Let o(r) = 4*r**2 + 30*r + 31. Let j(q) = 2*q**2 + 15*q + 15. Let x(u) = 5*j(u) - 2*o(u). Let s(z) = -5*i(z) - 2*x(z). Give s(-7).
18
Let j(c) be the first derivative of c**6/90 + c**5/120 - c**4/24 - 4*c**3/3 + 9. Let q(h) be the third derivative of j(h). Determine q(1).
4
Let n(r) be the first derivative of r**4/2 - r**3/3 + r**2/2 + 10. Calculate n(2).
14
Let p(s) = s + 1. Let w = 19 + 7. Let y be (11/(-22)*2)/(1/(-26)). Let x = w - y. Calculate p(x).
1
Let i(c) = -c**2 - 5*c + 13. Let j = -1272 + 1264. Calculate i(j).
-11
Let n(c) = 4*c**2 + 7. Let r(w) = w**2 + 1. Let a be ((-14)/(-42))/(2/(-6)). Let y(l) = a*n(l) + 6*r(l). What is y(-1)?
1
Let s(n) be the third derivative of 0 - 2*n**2 - 1/24*n**4 + 0*n + 0*n**3. Suppose 20*q - 6*q = 42. Give s(q).
-3
Let s be (12/(-10))/(1/(-5)). Let p(y) = 7*y + 25. Let c(n) = 3 + 13 + 4*n - 3. Let z(q) = -11*c(q) + 6*p(q). What is z(s)?
-5
Let l(p) = 3*p**3 + 21*p**2 + 11. Let d(a) be the second derivative of a**5/5 + 31*a**4/12 + 8*a**2 - 7*a. Let n(k) = 5*d(k) - 7*l(k). Give n(8).
3
Let j = 10 - 12. Let q(l) = l**3 - l**2 + l + 1. Let f(y) = 6*y**3 - y**2 + 7*y + 4. Let z(x) = -f(x) + 5*q(x). Give z(j).
-3
Let x be (18 - 15) + (-2 - -1). Let j(t) = t**2 - 2*t**2 + 6*t + 2 - 2*t**x + 2*t**2. Calculate j(5).
7
Suppose 4*p + 7 = -17. Let r(f) = -3*f - 6 + 10*f - 8*f. Give r(p).
0
Let k(a) = -a**2 - a - 1. Let t = 415 - 418. Calculate k(t).
-7
Let j(y) = -4. Let x(f) = -f**2 - 7*f + 34. Let o(r) = -6*j(r) - x(r). Determine o(-9).
8
Let k = 13 + -15. Let o be 36/48 + (-2)/(-8). Let r(g) = g - o + 5 - 5 + 2. Calculate r(k).
-1
Let o(n) = n**2 + 4*n - 22. Suppose 34 = -4*f + 2. Calculate o(f).
10
Let s(j) be the third derivative of 7/60*j**5 + 0*j**4 - 6*j**2 + 0*j - 1/6*j**3 + 0. Determine s(-1).
6
Suppose -b + 3*k = 5*k + 1, -23 = -4*b + k. Let m(z) = 5 - 2 + 6*z - 11*z**2 + 10*z**2. Give m(b).
8
Let q(a) = 5*a - 10. Let u(i) = 11*i - 22. Let s(l) = 9*q(l) - 4*u(l). Give s(-4).
-6
Let m(d) = 2*d + 14 - 6 - 9*d + 13 + 8*d. What is m(-7)?
14
Let p(i) = 53*i + 1. Let a be 7/(-5) + (-186)/(-465). What is p(a)?
-52
Suppose 9*o + 4 = 11*o. Let l be (30/(-40))/(o/16). Let f(r) = -r**3 - 5*r**2 + 7*r - 3. Determine f(l).
-9
Let h(y) = -y**2 + 12*y - 10. Suppose -8*z + 34 + 46 = 0. What is h(z)?
10
Let t(v) = -8*v + 78 + 2*v - 32 + v + 2*v. Calculate t(18).
-8
Let u(r) = 6*r - 53. Let d be u(9). Let i(n) = -17*n**3 + n**2 + n - 1. Calculate i(d).
-16
Let f = -2/455 - -503/10920. Let l(h) be the third derivative of f*h**4 + 0*h + 0 + 1/6*h**3 - 5*h**2. Calculate l(-3).
-2
Let c(v) = 2*v - 16 + 12 + 3. Let n(s) = -s - 1. Let g(h) = -c(h) - n(h). What is g(3)?
-1
Suppose 0 = -5*b - 37 - 8. Let m(v) = 341*v - 11 + v**2 - 2*v**2 - 350*v. Give m(b).
-11
Suppose -c + 6*c - 40 = 0. Let x(d) = 3*d + 4*d + c*d - 13*d. Let f be 5/(-2)*(1 + -3). Calculate x(f).
10
Suppose 11*q - 27 = 2*q. Suppose 0 = 4*z - 15 + q. Let i(w) = 4*w + 2. Calculate i(z).
14
Let n(m) = -5*m**3 + 15939*m + m**2 - 4 + 4*m**3 - 15938*m. Let v = -3 + 3. Give n(v).
-4
Suppose 2*w + 3 = 7. Let m(d) be the first derivative of -2*d**2 + 10 - 1/2*d**4 + 3*d + 4/3*d**3. What is m(w)?
-5
Let f(u) = 18. Let a(t) = -t + 2. Let i(d) = 8*a(d) + f(d). Give i(5).
-6
Let m(z) be the second derivative of z**5/20 + 5*z**4/12 + z**3/2 + 3*z**2/2 + 2*z. Suppose 0 = -34*x + 6*x - 140. Calculate m(x).
-12
Let b(w) = 5*w**3 + 6*w**2 + 9*w - 3. Let z(l) = -4*l**3 - 5*l**2 - 7*l + 2. Let u(y) = -2*b(y) - 3*z(y). What is u(-2)?
-10
Suppose 0 = 4*t - 5*v - 3, -5*t + 74 = 3*v + 24. Suppose k + 3 = t. Let l(q) = k*q - 3*q - 3 - 2*q. Determine l(-6).
3
Let v(b) = 5*b**3 + 42*b**2 + 19*b - 18. Let x(u) = -u**3 - 10*u**2 - 5*u + 4. Let o(s) = -2*v(s) - 9*x(s). Give o(7).
0
Let f be (-1 + 0)*(1 - 1). Let p(l) = l**3 - l**2 + 5*l + 1. Let t(a) = 7*a**3 - 7*a**2 + 30*a + 4. Let w(b) = -6*p(b) + t(b). Give w(f).
-2
Let r(z) = -7 - 8*z - 12*z + 24*z - 9*z. Give r(8).
-47
Let s(u) be the third derivative of u**7/168 - u**6/360 - 4*u**3/3 - 16*u**2. Let v(f) be the first derivative of s(f). Determine v(1).
4
Let l(x) = -x**2 + 37*x - 195. Let n be l(31). Let s(o) = -3*o**2 - 22*o - 39. Let p(g) = -g**2 - 7*g - 13. Let z(y) = -11*p(y) + 4*s(y). Determine z(n).
5
Let f = 10 - 9. Let h(i) = 13*i - 7. Let r(k) = 6*k - 4. Let u(a) = -3*h(a) + 5*r(a). Calculate u(f).
-8
Let m(v) = -212*v - 208*v - 9*v**2 + 424*v - 2. Give m(2).
-30
Let q(x) = 2*x**2 - x - 1. Let v(n) = -3*n**2 - 4*n + 3. Let y(b) = -2*q(b) - v(b). Suppose -5*p = 2*l - 6*l + 15, -2*p = l - 7. What is y(l)?
4
Let h(i) be the first derivative of i**4/4 - 7*i**3/3 + 7*i**2/2 - 9*i + 1. Suppose 0*p - p - 17 = 0. Let a be (-8)/20*(2 + p). Calculate h(a).
-3
Let n(z) be the third derivative of 0 + 16*z**2 + 5/6*z**3 - 1/8*z**4 + 0*z. Determine n(4).
-7
Let d(l) = 20*l**2. Let h be d(-1). Suppose -h = -3*q + q. Suppose -4*p - q + 2 = 0. Let y(k) = -k**3 + k**2 + 4*k + 3. What is y(p)?
7
Let l(h) be the firs